 factor of 10282?
False
Does 11 divide 1507?
True
Does 46 divide 2541?
False
Is 1091 a multiple of 37?
False
Is 1060 a multiple of 5?
True
Is 10 a factor of 2330?
True
Does 17 divide 93064?
False
Is 16 a factor of 1356?
False
Does 11 divide 10142?
True
Is 2 a factor of 363?
False
Is 143 a factor of 1463?
False
Does 13 divide 10634?
True
Does 10 divide 954?
False
Does 158 divide 35866?
True
Is 2495 a multiple of 4?
False
Is 18 a factor of 684?
True
Is 5103 a multiple of 3?
True
Is 10893 a multiple of 4?
False
Does 7 divide 526?
False
Is 11 a factor of 258?
False
Is 120 a factor of 8280?
True
Is 104 a multiple of 4?
True
Is 6 a factor of 4290?
True
Is 1680 a multiple of 68?
False
Is 40 a factor of 43?
False
Does 37 divide 966?
False
Is 1215 a multiple of 45?
True
Is 1785 a multiple of 17?
True
Is 19 a factor of 29179?
False
Does 6 divide 1581?
False
Is 7 a factor of 227?
False
Is 296 a multiple of 23?
False
Does 2 divide 12?
True
Does 112 divide 26972?
False
Is 71059 a multiple of 21?
False
Is 35 a factor of 3710?
True
Does 11 divide 46007?
False
Is 25 a factor of 2556?
False
Does 10 divide 2660?
True
Is 19 a factor of 124545?
True
Is 46 a factor of 920?
True
Does 66 divide 1386?
True
Is 106 a multiple of 53?
True
Is 14 a factor of 52522?
False
Is 117 a multiple of 9?
True
Is 20540 a multiple of 26?
True
Does 46 divide 7699?
False
Is 2316 a multiple of 50?
False
Is 4536 a multiple of 42?
True
Does 55 divide 1738?
False
Does 192 divide 34176?
True
Is 10 a factor of 283?
False
Is 11 a factor of 448?
False
Is 49 a factor of 799?
False
Is 14 a factor of 308?
True
Does 91 divide 13468?
True
Is 58674 a multiple of 11?
True
Does 46 divide 2267?
False
Is 36 a factor of 1791?
False
Does 41 divide 63?
False
Is 30685 a multiple of 19?
True
Is 6 a factor of 11615?
False
Does 43 divide 870?
False
Is 23068 a multiple of 25?
False
Is 99 a factor of 3572?
False
Is 9 a factor of 2302?
False
Is 29223 a multiple of 51?
True
Is 1596 a multiple of 6?
True
Is 39 a factor of 340?
False
Is 54 a factor of 162?
True
Does 11 divide 729?
False
Does 54 divide 8100?
True
Is 15 a multiple of 5?
True
Is 12960 a multiple of 480?
True
Is 425 a multiple of 6?
False
Is 15984 a multiple of 37?
True
Does 50 divide 3850?
True
Is 4 a factor of 419?
False
Does 11 divide 220?
True
Is 20 a factor of 13691?
False
Is 103 a factor of 56837?
False
Does 107 divide 32100?
True
Is 6 a factor of 1294?
False
Is 120 a multiple of 21?
False
Does 68 divide 853?
False
Does 8 divide 766?
False
Is 16983 a multiple of 27?
True
Is 27150 a multiple of 5?
True
Does 48 divide 8304?
True
Is 2366 a multiple of 26?
True
Does 22 divide 11748?
True
Does 39 divide 6036?
False
Is 2196 a multiple of 12?
True
Is 8 a factor of 485?
False
Does 43 divide 1144?
False
Is 22 a factor of 9749?
False
Does 179 divide 53521?
True
Is 581 a multiple of 29?
False
Does 9 divide 397?
False
Is 495 a multiple of 92?
False
Does 134 divide 3484?
True
Does 56 divide 1120?
True
Is 372 a multiple of 62?
True
Is 33 a factor of 195?
False
Is 389 a multiple of 9?
False
Is 11 a factor of 379?
False
Does 65 divide 14352?
False
Is 20 a factor of 1088?
False
Is 6 a factor of 2346?
True
Is 19 a factor of 1197?
True
Is 12 a factor of 24?
True
Does 62 divide 3862?
False
Does 9 divide 540?
True
Is 38 a factor of 228?
True
Does 67 divide 6700?
True
Is 112 a factor of 2800?
True
Is 25 a factor of 2237?
False
Is 10296 a multiple of 132?
True
Does 21 divide 25641?
True
Is 4 a factor of 95?
False
Does 6 divide 40021?
False
Is 15 a factor of 135?
True
Is 1296 a multiple of 34?
False
Is 238 a multiple of 15?
False
Is 646 a multiple of 38?
True
Is 69 a factor of 489?
False
Is 18 a multiple of 11?
False
Does 9 divide 20583?
True
Is 1100 a multiple of 22?
True
Is 39 a factor of 1109?
False
Is 14978 a multiple of 99?
False
Is 539 a multiple of 4?
False
Is 456 a multiple of 76?
True
Is 22 a factor of 14218?
False
Is 257 a multiple of 8?
False
Is 3159 a multiple of 81?
True
Is 15 a factor of 5860?
False
Does 20 divide 29640?
True
Does 3 divide 94?
False
Is 1604 a multiple of 20?
False
Is 2025 a multiple of 9?
True
Is 13 a factor of 931?
False
Does 310 divide 40920?
True
Does 130 divide 11180?
True
Is 83207 a multiple of 13?
False
Does 38 divide 6401?
False
Does 13 divide 1469?
True
Is 1088 a multiple of 16?
True
Is 4180 a multiple of 55?
True
Is 408 a multiple of 10?
False
Does 32 divide 18714?
False
Is 80 a multiple of 2?
True
Does 11 divide 11066?
True
Is 3280 a multiple of 38?
False
Is 664 a multiple of 8?
True
Is 7706 a multiple of 4?
False
Does 33 divide 53?
False
Is 1960 a multiple of 56?
True
Is 13 a factor of 871?
True
Is 378 a multiple of 9?
True
Is 4351 a multiple of 60?
False
Does 4 divide 336?
True
Does 5 divide 490?
True
Is 5289 a multiple of 123?
True
Is 420 a multiple of 7?
True
Is 22 a factor of 496?
False
Is 15 a factor of 1830?
True
Is 16248 a multiple of 117?
False
Is 38796 a multiple of 318?
True
Is 98 a multiple of 7?
True
Is 1488 a multiple of 30?
False
Does 45 divide 3240?
True
Is 4840 a multiple of 40?
True
Is 32 a factor of 1952?
True
Does 36 divide 576?
True
Is 6 a factor of 99?
False
Is 1469 a multiple of 12?
False
Does 55 divide 17472?
False
Is 32 a factor of 60728?
False
Is 36 a factor of 40133?
False
Is 5 a factor of 75?
True
Does 7 divide 70?
True
Does 16 divide 126336?
True
Is 763 a multiple of 2?
False
Is 15 a factor of 1267?
False
Does 16 divide 2859?
False
Is 20 a factor of 81120?
True
Is 4 a factor of 36?
True
Is 106 a factor of 1696?
True
Does 82 divide 3772?
True
Is 408 a multiple of 6?
True
Is 22 a factor of 21361?
False
Is 401 even?
False
Is 12456 a multiple of 72?
True
Is 998 a multiple of 13?
False
Does 259 divide 15799?
True
Does 8 divide 664?
True
Is 1020 a multiple of 39?
False
Is 24 a factor of 47552?
False
Is 3 a factor of 2359?
False
Is 4772 a multiple of 3?
False
Is 37830 a multiple of 194?
True
Is 10 a factor of 9520?
True
Is 34260 a multiple of 20?
True
Is 4 a factor of 53060?
True
Is 18 a factor of 846?
True
Is 415 a multiple of 37?
False
Is 31 a factor of 476?
False
Is 1335 a multiple of 15?
True
Is 7800 a multiple of 13?
True
Is 102 a multiple of 34?
True
Does 71 divide 5893?
True
Is 83 a factor of 1500?
False
Is 6545 a multiple of 35?
True
Does 11 divide 247?
False
Is 350 a multiple of 35?
True
Is 11430 a multiple of 90?
True
Does 16 divide 997?
False
Is 2 a factor of 193?
False
Is 16 a factor of 18017?
False
Is 1633 a multiple of 51?
False
Is 7 a factor of 350?
True
Does 14 divide 3707?
False
Is 6533 a multiple of 54?
False
Is 248 a multiple of 8?
True
Is 2 a factor of 527?
False
Does 6 divide 153?
False
Is 573 a multiple of 14?
False
Is 2191 a multiple of 10?
False
Does 6 divide 3968?
False
Is 9 a factor of 35?
False
Is 2025 a multiple of 81?
True
Is 4 a factor of 592?
True
Is 93 a factor of 38781?
True
Is 261 a multiple of 42?
False
Does 13 divide 9791?
False
Is 2 a factor of 171?
False
Is 24 a factor of 274?
False
Is 11 a factor of 253?
True
Is 14 a factor of 2939?
False
Is 68 a factor of 25286?
False
Does 19 divide 1900?
True
Is 45 a factor of 7566?
False
Is 69 a factor of 2622?
True
Is 3264 a multiple of 34?
True
Is 2472 a multiple of 6?
True
Does 33 divide 3663?
True
Does 17 divide 3196?
True
Does 51 divide 26881?
False
Is 6 a multiple of 6?
True
Is 19 a factor of 185?
False
Is 26 a factor of 5379?
False
Is 21322 a multiple of 78?
False
Is 85 a factor of 425?
True
Is 4 a factor of 517?
False
Does 12 divide 2628?
True
Is 3525 a multiple of 15?
True
Does 3 divide 92?
False
Does 45 divide 588?
False
Is 78 a factor of 12792?
True
Is 9 a factor of 10430?
False
Does 102 divide 1122?
True
Is 1196 a multiple of 46?
True
Is 1803 a multiple of 51?
False
Is 3800 a multiple of 95?
True
Is 3297 a multiple of 40?
False
Is 21 a multiple of 21?
True
Is 29808 a multiple of 46?
True
Is 79257 a multiple of 87?
True
Is 240 a multiple of 37?
False
Is 2940 a multiple of 35?
True
Does 9 divide 275?
False
Is 324 a multiple of 57?
False
Does 22 divide 669?
False
Does 77 divide 22248?
False
Is 312 a multiple of 6?
True
Is 32 a factor of 32768?
True
Does 24 divide 56472?
True
Is 277 a factor of 44320?
True
Does 29 divide 1653?
True
Does 269 divide 67519?
True
Does 31 divide 775?
True
Is 110 a factor of 22172?
False
Is 108